
In base 11, what is 45 + 9?
53
In base 8, what is 1 - -100?
101
In base 8, what is 127 + -13?
114
In base 6, what is 5 - 410?
-401
In base 9, what is -7 - -415?
407
In base 13, what is 4a7 - 17?
490
In base 16, what is -2 - 3b?
-3d
In base 5, what is 1032 + -10?
1022
In base 8, what is -5 + 2740?
2733
In base 3, what is 11 + -211?
-200
In base 7, what is -133 - -23?
-110
In base 13, what is c - -25?
34
In base 11, what is 2 - 110?
-109
In base 13, what is 2 + 602?
604
In base 14, what is aa0 + 4?
aa4
In base 5, what is 304 + 21?
330
In base 14, what is 9b + -1?
9a
In base 4, what is 102 + -201?
-33
In base 13, what is 0 + -675?
-675
In base 16, what is -c + 23?
17
In base 13, what is 9 + 22?
2b
In base 10, what is -6 + 3473?
3467
In base 11, what is -4 - -67?
63
In base 14, what is -9d - -7?
-96
In base 2, what is -100011 + -1001?
-101100
In base 14, what is 4 + 141?
145
In base 4, what is -12 - -110302?
110230
In base 2, what is -111101110000 - -1?
-111101101111
In base 4, what is 1321 - -2?
1323
In base 11, what is -5 + -42?
-47
In base 15, what is -2a + 8c?
62
In base 5, what is 12 + -20?
-3
In base 3, what is 22 - -10212?
11011
In base 3, what is 2 - -120200?
120202
In base 10, what is 109 + -13?
96
In base 6, what is -315 + 0?
-315
In base 2, what is 101011 - 11010110?
-10101011
In base 4, what is -13 - -231?
212
In base 2, what is -100 - -1000100?
1000000
In base 11, what is 3 - -25?
28
In base 3, what is -1220212 - 0?
-1220212
In base 13, what is -32b - 0?
-32b
In base 16, what is -5 - 78d?
-792
In base 2, what is 1000110 + -10?
1000100
In base 11, what is 559 + -1?
558
In base 14, what is 5 - 1c?
-17
In base 8, what is 65 + 22?
107
In base 15, what is -22 - 6?
-28
In base 3, what is 1001010012 - -1?
1001010020
In base 8, what is -1062 + 0?
-1062
In base 3, what is -21211 - 1120?
-100101
In base 9, what is -138 + 8?
-130
In base 14, what is b0 + -2?
ac
In base 3, what is -12 - 1100220?
-1101002
In base 3, what is -10020 + 1021?
-1222
In base 2, what is -1110000101 + 110?
-1101111111
In base 12, what is -3 - -53a?
537
In base 5, what is -1 - -340?
334
In base 3, what is 2202022 - 0?
2202022
In base 14, what is -1d + 1?
-1c
In base 4, what is -21 + -2?
-23
In base 4, what is -101 - -31300?
31133
In base 5, what is -124 - -234?
110
In base 4, what is 1 + -301?
-300
In base 6, what is 304 - -3?
311
In base 11, what is 58 + -1?
57
In base 14, what is 7 - 5c?
-55
In base 3, what is 102 + -2?
100
In base 12, what is 2 + 27?
29
In base 15, what is 1 - 42?
-41
In base 5, what is 1130 - -10?
1140
In base 9, what is 1 - -6333?
6334
In base 15, what is 14 + -6?
d
In base 16, what is 512 - -2?
514
In base 15, what is 50 + -5?
4a
In base 5, what is -20041 + 3?
-20033
In base 12, what is -4 + 167?
163
In base 7, what is -2 + 2352?
2350
In base 12, what is 5 + -3b94?
-3b8b
In base 9, what is 4 + -14?
-10
In base 13, what is a - -1c7?
204
In base 16, what is -2 - 5e?
-60
In base 16, what is -9 - 159?
-162
In base 16, what is -1 + 58?
57
In base 14, what is -56 + -2?
-58
In base 10, what is -2 - 103?
-105
In base 8, what is -75 - -1?
-74
In base 3, what is 212010012 + 11?
212010100
In base 2, what is -1100110 + -11?
-1101001
In base 15, what is -13a - 19?
-154
In base 11, what is -43 + -18?
-60
In base 6, what is 0 + 103?
103
In base 5, what is 1140 - -22?
1212
In base 3, what is -12102 - -1000?
-11102
In base 3, what is -1122121 - -1?
-1122120
In base 4, what is 111310 + -3?
111301
In base 12, what is -5b + 0?
-5b
In base 3, what is 1201 - 200?
1001
In base 3, what is -1 - -2011?
2010
In base 2, what is 10001011100111 + 101?
10001011101100
In base 5, what is 3 - -30313?
30321
In base 11, what is 0 + 175?
175
In base 3, what is 110201 + -120?
110011
In base 8, what is 10 + -10?
0
In base 5, what is 0 - -121?
121
In base 8, what is -352 + 2?
-350
In base 16, what is 5 + -822?
-81d
In base 12, what is 2 - -583?
585
In base 7, what is 12 + 2446?
2461
In base 11, what is -69 + -1?
-6a
In base 6, what is 10430 + 5?
10435
In base 13, what is -17a7 + 2?
-17a5
In base 12, what is -26a - 5?
-273
In base 12, what is 2 + -18?
-16
In base 4, what is -13 + 20?
1
In base 4, what is 330 - -31?
1021
In base 15, what is -5 - 6a?
-70
In base 10, what is 4393 + -1?
4392
In base 15, what is -26 - -7?
-1e
In base 6, what is 1104 - 223?
441
In base 3, what is -212100 - -212?
-211111
In base 11, what is -10126 - 4?
-1012a
In base 10, what is -4 + 81?
77
In base 2, what is -10011000 - 100?
-10011100
In base 5, what is -12422 - 14?
-12441
In base 11, what is 12a9 + -5?
12a4
In base 2, what is -10011100 - 101?
-10100001
In base 8, what is 1 + -43?
-42
In base 9, what is -27 + 110?
72
In base 4, what is 110 - 20222?
-20112
In base 11, what is -a - -163?
154
In base 4, what is 2 - -1023?
1031
In base 7, what is -1043 - -14?
-1026
In base 11, what is -a6 - 0?
-a6
In base 7, what is -211 + 21?
-160
In base 7, what is 5 + 6?
14
In base 6, what is -1 - -24?
23
In base 4, what is -30 + -13?
-103
In base 15, what is 2 + -594?
-592
In base 7, what is 152 - 2?
150
In base 4, what is -111 + -10123?
-10300
In base 11, what is 5 - 47?
-42
In base 11, what is 24 - -247?
270
In base 11, what is 2 + 3?
5
In base 13, what is -3 + 1?
-2
In base 11, what is 2 + -46a?
-468
In base 9, what is 41 + 3?
44
In base 11, what is 118 - -1?
119
In base 8, what is -4 - -5605?
5601
In base 5, what is -10 - -12330?
12320
In base 4, what is 3020 + -10?
3010
In base 2, what is 110111100 + -101?
110110111
In base 15, what is 18 + 5b?
74
In base 10, what is -4 - -47?
43
In base 16, what is 1 + -124?
-123
In base 6, what is 3 + 3111?
3114
In base 14, what is 2 + -bb?
-b9
In base 16, what is 20e - 3?
20b
In base 6, what is 3 + 52?
55
In base 11, what is 7 - 2?
5
In base 11, what is -10 + -95?
-a5
In base 4, what is 1 + 30101?
30102
In base 13, what is -1048 + -3?
-104b
In base 10, what is 22 - 14?
8
In base 16, what is -3ba - -1?
-3b9
In base 8, what is -164 - 4?
-170
In base 16, what is 4 - 151?
-14d
In base 9, what is 1372 + -35?
1336
In base 13, what is -418 - -3?
-415
In base 8, what is 211 - 11?
200
In base 7, what is 2 + -11?
-6
In base 15, what is -4c - 6?
-53
In base 13, what is 2 - 4aa?
-4a8
In base 13, what is 892 + -5?
88a
In base 16, what is 1 - -2e?
2f
In base 15, what is 5 + 27?
2c
In base 6, what is -4 + -33?
-41
In base 14, what is c0 - 5?
b9
In base 8, what is 3 + 112?
115
In base 14, what is 1 + -d?
-c
In base 13, what is -1138 + -1?
-1139
In base 3, what is -1021101 + -10?
-1021111
In base 5, what is -4 + 40404?
40400
In base 16, what is -2 + -a?
-c
In base 13, what is 86 + 86?
13c
In base 15, what is 22a - 1?
229
In base 2, what is -1 + -101101111110?
-101101111111
In base 15, what is 2 + -1b?
-19
In base 14, what is -4 + 49?
45
In base 6, what is -1 - -10?
5
In base 9, what is 63 - -3?
66
In base 7, what is -106 + 301?
162
In base 13, what is -2 - 775?
-777
In base 8, what is 134 - 2?
132
In base 13, what is 29 - 5?
24
In base 7, what is -3 + -564?
-600
In base 12, what is 1 + -103?
-102
In base 8, what is 5 - -273?
300
In base 5, what is -331 - -24?
-302
In base 2, what is 10111 - -10000001?
10011000
In base 14, what is a2 - -9?
ab
In base 10, what is 9000 + -3?
8997
In base 8, what is -207 + 1?
-206
In base 10, what is -4 - -53?
49
In base 12, what is -47 - 1?
-48
In base 4, what is -10 + 1121103?
1121033
In base 12, what is -4 - 8a?
-92
In base 15, what is 5 - -75?
7a
In base 12, what is 1a - 3b?
-21
In base 11, what is 1 + 166?
167
In base 13, what is -17 - -115?
cb
In base 3, what is 1 - -1002111?
1002112
In base 3, what is -10 + 1?
-2
In base 7, what is -1 - 100?
-101
In base 7, what is -4 - -21255?
21251
In base 12, what is -50 - -5a?
a
In base 14, what is -2 + -41c?
-420
In base 7, what is 30 - -105?
135
In base 13, what is 6c + -2?
6a
In base 13, what is a2c + 4?
a33
In base 7, what is 21213 - 5?
21205
In base 15, what is -b - -21?
15
In base 15, what is 4 + -33e?
-33a
In base 15, what is -130 + 1?
-12e
In base 9, what is -1 - 34?
-35
In base 8, what is 5 + 175?
202
In base 12, what is 11 - -4?
15
In base 7, what is -15 - 0?
-15
In base 2, what is -1001 + 1010101111?
1010100110
In base 16, what is 7 + 66?
6d
In base 13, what is 5c - -2?
61
In base 3, what is 221 + -100122?
-22201
I